{"id":9,"date":"2022-10-14T10:39:09","date_gmt":"2022-10-14T10:39:09","guid":{"rendered":"https:\/\/paladinlegal.de\/?page_id=9"},"modified":"2022-10-16T02:46:48","modified_gmt":"2022-10-16T02:46:48","slug":"home","status":"publish","type":"page","link":"https:\/\/paladinlegal.de\/","title":{"rendered":"Home"},"content":{"rendered":"\n<div class=\"wp-block-bab-blocks-stars alignfull has-theme-palette-3-color has-theme-palette-9-background-color has-text-color has-background\"><div class=\"bab-stars-cont\"><canvas class=\"bab-stars\" data-size=\"2\" data-scale=\"0.3\" data-color=\"#40b5e7\"><\/canvas><div class=\"bab-stars-inner-blocks-cont\">\n<div class=\"wp-block-columns is-layout-flex wp-container-core-columns-is-layout-9d6595d7 wp-block-columns-is-layout-flex\">\n<div class=\"wp-block-column is-layout-flow wp-block-column-is-layout-flow\" style=\"padding-top:0%;padding-right:10%;padding-bottom:0%;padding-left:10%\">\n\n<p>\u00a0<\/p>\n\n\n<ul class=\"wp-block-latest-posts__list getrent-post wp-block-latest-posts\"><li><a class=\"wp-block-latest-posts__post-title\" href=\"https:\/\/paladinlegal.de\/?p=128\">\u00dcber Uns<\/a><div class=\"wp-block-latest-posts__post-full-content\"><h4>\u00dcber Uns<\/h4>\nRechtsberatung fu\u0308r Unternehmer war noch nie so unkomplziert, gu\u0308nstig und einfach zuga\u0308nglich. Mit dem Quaestio-Rechtsabo bekommen Sie jurististischen Rat zu jedem Rechtsgebiet als Flatrate. Ihr schneller und direkter Draht zum Anwalt erfolgt u\u0308ber eine E-Akte und einen nur Ihnen und ihm zuga\u0308nglichen Bereich.<\/div><\/li>\n<\/ul>\n\n<ul class=\"wp-block-latest-posts__list is-grid columns-3 wp-block-latest-posts\"><li><a class=\"wp-block-latest-posts__post-title\" href=\"https:\/\/paladinlegal.de\/?p=100\">Datenverarbeitung mit Auslandsbezug\ufffc<\/a><div class=\"wp-block-latest-posts__post-excerpt\">Unternehmen verarbeiten personenbezogene Daten zum Teil auch im Ausland. Wenn das geschieht, dann\u00a0mussdas Unternehmen als Verantwortlicher\u00a0im Sinne\u00a0der DSGVO\u00a0sicherstellen, dass die Regelungen des Datenschutzes\u00a0bei dieser Verarbeitung beachtet werden. Selbst f\u00fcr&#8230;<\/div><\/li>\n<li><a class=\"wp-block-latest-posts__post-title\" href=\"https:\/\/paladinlegal.de\/?p=48\">Compliance\ufffc<\/a><div class=\"wp-block-latest-posts__post-excerpt\">Compliance-Bestandsaufnahme \u00a0Ermittlung des Ist-Zustandes im Bereich Compliance zur Erarbeitung von Ma\u00dfnahmen die Rechtsverst\u00f6\u00dfe im Unternehmen minimieren helfen. Wettbewerbs- und Kartellrecht \u00a0Beratung bei und zur Vorbeugung von Rechtsverst\u00f6\u00dfen; Erarbeitung von&#8230;<\/div><\/li>\n<li><a class=\"wp-block-latest-posts__post-title\" href=\"https:\/\/paladinlegal.de\/?p=42\">Datenschutz<\/a><div class=\"wp-block-latest-posts__post-excerpt\">Datenschutz \u00a0 Datenschutzbestandsaufnahme \u00a0Ermittlung des Ist-Zustandes und Abgleich mit dem Soll-Zustand nach den geltenden Datenschutzschutzbestimmungen. Vertrags- &amp; Dokumenterstellung \u00a0Wir erstellen f\u00fcr Sie alle ben\u00f6tigten Vertr\u00e4ge und Dokumente, wie beispielsweise&#8230;<\/div><\/li>\n<\/ul>\n\n\n<div class=\"wp-block-group alignwide\"><div class=\"wp-block-group__inner-container is-layout-flow wp-block-group-is-layout-flow\"><\/div><\/div>\n\n\n<ul class=\"wp-block-latest-posts__list getrent-post wp-block-latest-posts\"><li><a class=\"wp-block-latest-posts__post-title\" href=\"https:\/\/paladinlegal.de\/?p=64\">Datenverarbeitungen im Ausland<\/a><div class=\"wp-block-latest-posts__post-full-content\"><h1>Datenverarbeitungen im Ausland<\/h1><p>\u00a0<\/p><p>Sofern eine Datenverarbeitung in\u00a0Drittl\u00e4ndern \u2013 also au\u00dferhalb der EU bzw. des EWR \u2013 erfolgen soll und f\u00fcr diese kein Angemessenheitsbeschluss der EU-Kommission vorliegt (das kann auch schon bei Auslandsaufenthalten bzw. Gesch\u00e4ftsreisen der Fall sein),\u00a0sind die Vorgaben der\u00a0<a href=\"https:\/\/dsgvo-gesetz.de\/kapitel-5\/\">Art. 44 ff. DSGVO<\/a>\u00a0(\u201e\u00dcbermittlung personenbezogener Daten an Drittl\u00e4nder oder an internationale Organisationen\u201c) zu beachten. Die DSGVO sieht hier u.a. vor, dass verantwortliche Unternehmen beim Fehlen des besagten Angemessenheitsbeschlusses geeignete Garantien f\u00fcr Drittland\u00fcbermittlungen vorsehen muss (vgl.\u00a0<a href=\"https:\/\/dsgvo-gesetz.de\/art-46-dsgvo\/\">Art. 46 Abs. 1 DSGVO<\/a>).<\/p><p>In der EU sowie in Norwegen, Island und Lichtenstein als L\u00e4nder des EWR gilt die DSGVO unmittelbar. EU Angemessenheitsbeschl\u00fcsse gibt es f\u00fcr Andorra, Argentinien, Kanada (nur f\u00fcr kommerzielle Organisationen), F\u00e4r\u00f6er-Inseln, Guernsey, Israel, Isle of Man, Japan, Jersey, Neuseeland, Schweiz und Uruguay vor. F\u00fcr alle anderen L\u00e4ndern sind bei Daten\u00fcbermittlungen besondere Garantien nach den Art. 44 ff. DSGVO\u00a0erforderlich.<\/p><p>Eine gute \u00dcbersicht zur DSGVO-Konformit\u00e4t liefert die folgende Weltkarte:<\/p>\t\t\n\t\t\t\t\t\t\t\t\t\t\t\t<img decoding=\"async\" width=\"1024\" height=\"517\" src=\"https:\/\/paladinlegal.de\/wp-content\/uploads\/2022\/10\/Bildschirmfoto-2022-10-14-um-15.35.39-1024x517.png\" alt=\"Datenverarbeitungen im Ausland\" loading=\"lazy\" \/>\t\t\t\t\t\t\t\t\t\t\t\t\t\t\n\t\t\t\t\t\t\t\t\t\t\t\t<img decoding=\"async\" width=\"1024\" height=\"53\" src=\"https:\/\/paladinlegal.de\/wp-content\/uploads\/2022\/10\/Bildschirmfoto-2022-10-15-um-18.10.59-1024x53.png\" alt=\"\" loading=\"lazy\" \/>\t\t\t\t\t\t\t\t\t\t\t\t\t\t\n\t\t<p>\u00a0<\/p><p>Sofern Sie personenbezogene Daten im Ausland verarbeiten und diese DSGVO-konform sch\u00fctzen m\u00f6chten,\u00a0beraten wir Sie gerne zur Implementierung von konkreten technischen und organisatorischen Ma\u00dfnahmen, die Ihnen hierbei helfen. Kontaktieren Sie uns am besten unter: <a href=\"mailto:info@paladinlegal.de\">info@paladinlegal.de<\/a>.<\/p><p>Autor:\u00a0PaladinLegal\u00a0(Oliver Huq)<\/p><\/div><\/li>\n<\/ul><\/div>\n<\/div>\n\n\n\n<hr class=\"wp-block-separator has-alpha-channel-opacity is-style-wide\">\n<\/div><\/div><\/div>\n","protected":false},"excerpt":{"rendered":"","protected":false},"author":1,"featured_media":0,"parent":0,"menu_order":0,"comment_status":"closed","ping_status":"closed","template":"","meta":{"_kad_post_transparent":"","_kad_post_title":"","_kad_post_layout":"default","_kad_post_sidebar_id":"","_kad_post_content_style":"","_kad_post_vertical_padding":"","_kad_post_feature":"","_kad_post_feature_position":"","_kad_post_header":false,"_kad_post_footer":false,"footnotes":""},"class_list":["post-9","page","type-page","status-publish","hentry"],"_links":{"self":[{"href":"https:\/\/paladinlegal.de\/index.php?rest_route=\/wp\/v2\/pages\/9","targetHints":{"allow":["GET"]}}],"collection":[{"href":"https:\/\/paladinlegal.de\/index.php?rest_route=\/wp\/v2\/pages"}],"about":[{"href":"https:\/\/paladinlegal.de\/index.php?rest_route=\/wp\/v2\/types\/page"}],"author":[{"embeddable":true,"href":"https:\/\/paladinlegal.de\/index.php?rest_route=\/wp\/v2\/users\/1"}],"replies":[{"embeddable":true,"href":"https:\/\/paladinlegal.de\/index.php?rest_route=%2Fwp%2Fv2%2Fcomments&post=9"}],"version-history":[{"count":74,"href":"https:\/\/paladinlegal.de\/index.php?rest_route=\/wp\/v2\/pages\/9\/revisions"}],"predecessor-version":[{"id":303,"href":"https:\/\/paladinlegal.de\/index.php?rest_route=\/wp\/v2\/pages\/9\/revisions\/303"}],"wp:attachment":[{"href":"https:\/\/paladinlegal.de\/index.php?rest_route=%2Fwp%2Fv2%2Fmedia&parent=9"}],"curies":[{"name":"wp","href":"https:\/\/api.w.org\/{rel}","templated":true}]}}